 -5 = 2*s + 1, -f + 3*s + 5647 = 0. What are the prime factors of f?
2, 2819
Let s = 179963 - 126030. What are the prime factors of s?
11, 4903
Let k = -2416 - -7508. What are the prime factors of k?
2, 19, 67
Suppose -2*n + 12536 = 2*u + 580, 0 = 5*u - n - 29926. List the prime factors of u.
2, 11, 17
Let k = -399 - -823. Suppose 0*u - k = -3*g - u, -3*g - 4*u + 427 = 0. List the prime factors of g.
3, 47
List the prime factors of 1775 + (198/30 + (-4 - 2))*5.
2, 7, 127
Suppose b - 36 + 0 = 0. Let d = b - -177. List the prime factors of d.
3, 71
Let b = 291 - 73. Suppose 5*m - 4138 = -2*q, -m + 3*q + 613 + b = 0. List the prime factors of m.
2, 3, 23
Let m(a) = -9*a**3 - 9*a**2 - 117*a - 40. List the prime factors of m(-15).
5, 7, 859
Let s be 38*5/10*55. Let d = -519 + 522. Suppose d*f + 2*x = -2*f + s, -1040 = -5*f - x. What are the prime factors of f?
3, 23
Suppose -248*l + 98523 = -221*l. List the prime factors of l.
41, 89
Suppose 0*y - 571158 = -42*y. List the prime factors of y.
3, 1511
Let b(n) = -n**3 - 4*n**2 - 4*n - 10. Let c be b(-2). Let u(h) = 4*h**2 + 2*h + 50. List the prime factors of u(c).
2, 5, 43
Let f(a) = 727*a - 374*a - 367*a. List the prime factors of f(-6).
2, 3, 7
Let g = 95 + -110. Let u = -12 - g. Suppose -3*j + j = 3*h - 450, -936 = -4*j + u*h. List the prime factors of j.
3, 7, 11
Let y = -1415 - -6279. List the prime factors of y.
2, 19
Suppose -2*p = -8*u + 13*u - 21049, 0 = -3*u - 15. What are the prime factors of p?
41, 257
What are the prime factors of (56 - 7)/7 - (-239120)/30*6?
7, 6833
Suppose 2*p = -4*h + 3*h + 724, -2*h = p - 1451. Let i = h + -339. What are the prime factors of i?
3, 43
Let o(m) = -m**2 - 9*m + 20. Let h be o(-10). Let s(c) = c**3 - 8*c**2 + 12*c + 10. Let j be s(h). What are the prime factors of ((-6)/4)/(0 + (-5)/j)?
3, 11
Suppose -4*x - s + 34 = 0, -23 + 69 = 4*x - 5*s. Suppose 1758 = -3*y + x*y. What are the prime factors of y?
293
Let a = 2017 + -1348. Suppose a = 3*f + 27. List the prime factors of f.
2, 107
Suppose 283*p - 279*p - 436 = 0. Suppose -10*i = -p - 51. List the prime factors of i.
2
Suppose -3*s = -w - 9250, 0 = -3*s + 5*w + 8746 + 508. List the prime factors of s.
3083
Suppose -12*d - 3*d + 60 = 0. Suppose 0 = -20*c + 22*c, 2*t - d*c - 1442 = 0. List the prime factors of t.
7, 103
Suppose -28769 = -29*k + 25*k - l, -4*k + 5*l + 28763 = 0. List the prime factors of k.
2, 29, 31
Let f(z) = 118*z**3 + 3*z**2 + 6*z - 26. Let g be f(3). Suppose g = -21*k + 8350. What are the prime factors of k?
5, 7
Let u(c) = 7*c**2 - 3*c**2 + 212 - 3*c**2 - 204 + 2*c. List the prime factors of u(-22).
2, 7
Let l(x) = -x + 6. Let k be l(3). Suppose 0 = -2*q + 13*q - 4576. Suppose -2*u + 0*u = 0, 0 = -4*y + k*u + q. List the prime factors of y.
2, 13
Suppose 44*f = 2*g + 40*f - 3128, -6256 = -4*g - f. What are the prime factors of g?
2, 17, 23
Let r = -151 + 123. List the prime factors of (-2553)/(-27) + r/(-63).
5, 19
Let b = -4026 - -13176. List the prime factors of b.
2, 3, 5, 61
Suppose -24*d - 4345 = 102*d - 36097. What are the prime factors of d?
2, 3, 7
Suppose -105*i + 44 = 4*a - 101*i, -4*a - 5*i + 48 = 0. Suppose a*b + 0*b = 1001. What are the prime factors of b?
11, 13
Suppose -20*r + 8 = -16*r. Suppose -2*j = -2*m - 2*m + 1338, -r*j = -5*m + 1674. What are the prime factors of m?
2, 3, 7
Let f(h) = 21*h**2 - 30*h. List the prime factors of f(-9).
3, 73
Suppose -a + y + 10 = 0, 13 + 17 = 3*a - 5*y. Let o(b) = 14*b**2 - 39*b + 271. List the prime factors of o(a).
3, 7, 61
What are the prime factors of 17933 + (-828)/23 + 20?
19, 23, 41
Suppose -4 = i + i. Let r(g) = -30*g + 34. Let d(u) = 150*u - 177. Let p(c) = 4*d(c) + 21*r(c). What are the prime factors of p(i)?
2, 3, 11
Let j = -1501 + 3669. What are the prime factors of j?
2, 271
Suppose 5572823 + 6184209 = 497*r. List the prime factors of r.
2, 2957
List the prime factors of (-15)/(-5 + (-69)/(-12))*-46.
2, 5, 23
Suppose 0 = 5*p + 3*i - 26, 4*p + 0*i - 3*i - 37 = 0. Suppose 0 = 3*t - s + 31, -3*s - 14 = 2*t - p*s. Let f = 65 + t. List the prime factors of f.
2, 3
Suppose 211*a + 75*a - 3464988 = 87*a. List the prime factors of a.
2, 3, 1451
Let o(n) = 10*n + 2. Let z = 29 - 7. List the prime factors of o(z).
2, 3, 37
Suppose -132615 = -388*q + 367*q. List the prime factors of q.
3, 5, 421
Let h be ((-4)/5 - -2)/((-4)/10). Let g(u) = -u**3 + 9*u + 6. Let f be g(h). Suppose -f*o = o - 105. What are the prime factors of o?
3, 5
Suppose 0 = 788*a - 787*a - 4*t - 25856, a = -5*t + 25865. List the prime factors of a.
2, 3, 5, 431
Let f be (-5)/(-1) + 9/(-3). Suppose -68 - 46 = f*r. Let u = 176 + r. List the prime factors of u.
7, 17
Suppose -12*n + 9*n = -5*y + 750, -3*n + 4*y - 747 = 0. Let u = n - -1111. What are the prime factors of u?
2, 433
Let b(f) = -3*f**2 + 16*f. Let h be b(5). Suppose -13 = 3*s - h*o, -2*s = -5*s - 2*o + 22. What are the prime factors of s?
2
Let q be (6/11)/(-1) - (-1288)/506. What are the prime factors of ((-269)/(-2))/(q + (-105)/56)?
2, 269
Suppose 5*y + 79169 = 2*j - 5512, 0 = j + 5*y - 42363. What are the prime factors of j?
2, 3, 3529
Let c(g) = 217*g - 248. Let l(z) = 324*z - 371. Let t(k) = -7*c(k) + 5*l(k). List the prime factors of t(14).
5, 7, 37
Suppose 0*r - r + 14 = 3*s, -2*r + s = 0. Suppose 2*w - 4*w - r = 0. What are the prime factors of (3/w + -119)/(-2)?
61
Let x = -97 + 161. Suppose 0 = -5*y + 101 + x. Suppose f - 4*n = 1, f = -0*n - 4*n + y. What are the prime factors of f?
17
Let z be (-1 - -32)*(-7 + 20). Let f = z - 143. Suppose 5*h - f = 345. List the prime factors of h.
11
Suppose -11*q = -13*q. Suppose 3*p - 828 = -q*p. Let t = p + -173. What are the prime factors of t?
103
Suppose -18*k - 4086 = 3024. Let y = 774 + k. List the prime factors of y.
379
Let d = -71193 + 125834. What are the prime factors of d?
101, 541
Suppose 0*v - 3*v + 6 = 2*a, -4*v = -2*a + 20. Suppose -i - 602 = a*i. Let q = 191 + i. What are the prime factors of q?
3, 5, 7
Suppose 5*h + 4*v - 8*v + 2383 = 0, 2*v = h + 473. Let j = 1327 + h. List the prime factors of j.
2, 53
Let h = -7460 - -26245. Suppose -23*k + 57908 = h. What are the prime factors of k?
3, 7
Let y be 2/(-4)*2 + 5. Suppose 0*d = -y*d + 964. Let k = d + -137. List the prime factors of k.
2, 13
Suppose -o + 3473 = 5*z + o, 2*z + 5*o - 1406 = 0. Let t = 1156 - z. Let b = t + -305. List the prime factors of b.
2, 79
Let f = -56 - -111. Suppose 5*y - 462 = -6*j + 8*j, -270 = -3*y + 3*j. Let b = y - f. List the prime factors of b.
3, 13
Suppose -7*i - 394407 = 46341. What are the prime factors of ((-2)/(-3))/((-53)/i)?
2, 3, 11
Suppose -4*k - 3*k + 623 = 0. Suppose -61 = -3*m + k. Let n = m - 19. What are the prime factors of n?
31
Suppose -2*w + 15*a = -28058, -3*a + 14071 = 11*w - 10*w. List the prime factors of w.
17, 827
Suppose 10 = 3*o - 2*r, -2*o - r + 6*r = 8. Suppose o*p = 118 - 22. What are the prime factors of p/72 + 1263/27?
47
Let t be 0 + (-10)/4*(-136)/85. Suppose -3*z + t*a + 7244 = z, 0 = -3*z + a + 5427. What are the prime factors of z?
2, 113
Suppose 0 = -2*q - 4*k + 436, -5*q + 9*q - 872 = 4*k. Let w = 3 - 3. What are the prime factors of q/6*(w + 3)?
109
What are the prime factors of ((-8)/60)/(7/21) - 78614/(-10)?
7, 1123
Suppose 0 = -487*p + 507*p - 420. Let d(h) be the first derivative of 5*h**2/2 + h - 2. List the prime factors of d(p).
2, 53
What are the prime factors of 1/7 - (11 + (1 - 1520268/42))?
5, 7237
Suppose 2*a + h = 5263, a + 2*h + 400 = 3024. Let i(t) = t**3 + 9*t**2 + 9*t + 5. Let q be i(-8). List the prime factors of (-14)/(-4) + q + a/12.
2, 5, 11
Let i(z) = -762*z**3 + z**2 - z + 2. Let q be i(1). Let f = -72 - q. What are the prime factors of f?
2, 43
Suppose 4*f - 3*x - 21491 = 0, -8*f - 2*x - 5379 = -9*f. List the prime factors of f.
7, 13, 59
Let i = 1079 - 422. Suppose -5*j - 5*f = -650, -i = -5*j + 5*f - 3*f. List the prime factors of j.
131
Let j = -49278 + 72434. List the prime factors of j.
2, 7, 827
Suppose -28010 = -7*a + 54996. List the prime factors of 3 + 2 + a/11.
3, 19
Suppose 0 = 9956*u - 9945*u - 39413. What are the prime factors of u?
3583
Suppose 2*i = -39*z + 36*z + 8290, z = -4*i + 16570. What are the prime factors of i?
2, 19, 109
Let h(b) = -b**2 - 32*b + 22. Suppose -4